= s. What is the remainder when u is divided by 15?
13
Let o = -14721 - -14735. What is the remainder when 16336 is divided by o?
12
Suppose -11*w = 5528 - 8938. What is the remainder when w is divided by 21?
16
Suppose 110 = 5*m - 3*b, 2*m + 2*b - 13 = -3*b. Suppose m = 9*f - 17. What is the remainder when f is divided by 2?
0
Let i(z) = -5*z + 17. Let g be i(7). Let h = -11 - g. Suppose 0 = h*s - 84 - 63. Calculate the remainder when 61 is divided by s.
19
Suppose l + 2*p = 0, -4*p + 6 = -2*l - 5*p. Let o be 2/l + 57/38. What is the remainder when 132/11 - (o - 2) is divided by 8?
5
Suppose 2*m - 2*x = 132, -m = 5*x + 53 - 155. Calculate the remainder when 150 is divided by m.
6
Calculate the remainder when 40*((-6426)/(-90))/3 is divided by 462.
28
Calculate the remainder when 386 is divided by (16/(-3))/((-7)/((-34545)/(-70))).
10
Let x(n) = 5*n**3 + 8*n**2 + 13*n - 22. Let t be x(-5). Let y = 527 + t. What is the remainder when 71 is divided by y?
11
Let r be (-3)/(-6)*-2 - -4. Suppose r*y = 4*y. Suppose 4*c - 45 - 39 = y. Calculate the remainder when c is divided by 8.
5
Suppose -63 = -3*s - 4*u, -u = s - 20 - 2. Suppose -g + s = 9. Suppose g*b - 20*b = -40. What is the remainder when b is divided by 3?
1
Suppose 2456*w - 2537*w + 14094 = 0. Calculate the remainder when 870 is divided by w.
0
Let r = -3184 - -3321. What is the remainder when 2601 is divided by r?
135
Let q be (3 - -33)*(-80)/(-6). Suppose 7*j = 2*j + q. Suppose 5*s - 11*s + j = 0. Calculate the remainder when 30 is divided by s.
14
Let n = -360 + 388. Suppose 0 = -2*u + n. Calculate the remainder when 319 is divided by u.
11
Let a be (3/2)/(3/4). Suppose 3*y - 12 = -2*c - 0*c, 0 = a*c. Suppose d - 1 = 3*s - 6, y*s = 12. What is the remainder when 5 is divided by d?
1
Let w be 144/(-90)*10/4. What is the remainder when -5*(1/w - 206/40) is divided by 15?
12
Suppose -u = -3*g + 269, -128*u - 435 = -5*g - 129*u. What is the remainder when 487 is divided by g?
47
Suppose 0 = -178*u + 15*u + 17930. Calculate the remainder when 1207 is divided by u.
107
Suppose -90*r - 82*r + 175*r = 558. Let n = 10 - 6. Calculate the remainder when r is divided by n.
2
Suppose 70 + 56 = 7*i. Let z(t) = -t**3 + 18*t**2 + 5*t - 88. Calculate the remainder when 38 is divided by z(i).
0
Let f(g) be the second derivative of -g**4/12 - g**3/6 + 10*g**2 + 4*g + 6. Calculate the remainder when 36 is divided by f(0).
16
Calculate the remainder when (55 - 14)/((-2)/(-10)) is divided by 100.
5
Suppose 1724*q + 1530 = 3452*q - 1719*q. Calculate the remainder when 19547 is divided by q.
167
Suppose -44*h = -46*h + 2, 5*h - 242 = -3*d. What is the remainder when 205 is divided by d?
47
What is the remainder when 407 is divided by (1330/7)/(20/24)?
179
Let l(y) = -y + 11. Calculate the remainder when 5 + -4 + 10/(50/365) is divided by l(6).
4
What is the remainder when (2496/(-40))/((-2)/5) is divided by 48?
12
Suppose 5*n - 14*n = -1494. Calculate the remainder when n is divided by (-59 - -2)/(-3) - (-8 + 5).
12
Suppose 1890 = 4*m + 3*i - i, 465 = m + 3*i. Calculate the remainder when m is divided by 32.
26
Let s = 21 - 11. Calculate the remainder when 26 is divided by ((-9)/1)/(-11 + s).
8
Let m(i) = i**2 + 6*i + 5. Let n be 75/5*(-32)/(-24). Let a = 12 + n. What is the remainder when a is divided by m(-7)?
8
Let v(c) be the second derivative of -6*c**5/5 - c**4/4 - c**3/6 - 39*c. Calculate the remainder when 43 is divided by v(-1).
21
Let i be -5 + (-1)/(1/(-106)). Let c = i + -47. Let w = 78 + -49. Calculate the remainder when c is divided by w.
25
Suppose 14*n - 20 = 9*n. Suppose 4*l + 99 = h, -n*h - l + 348 = 20. What is the remainder when h is divided by 13?
5
Let j be ((-18)/(-15))/(27/(-180)). Let l = 30 + j. What is the remainder when 60 is divided by l?
16
Let r be (1 - -30)/((-1)/132*-6). Suppose 4*t = -r + 722. Calculate the remainder when 30 is divided by t.
0
Let s(j) = -j**2 - 101*j - 988. Let k(v) = v**3 - v**2 - 3. Let q be k(0). Let g = q - -9. What is the remainder when g is divided by s(-11)?
0
Suppose 7*j = 6 + 834. Suppose 35 - j = -5*a. Calculate the remainder when 47 is divided by a.
13
Suppose 2*d + 4*u - 62 = 0, 0*u = 3*d - 4*u - 73. What is the remainder when 345/d - (-2)/9 is divided by -1 - (-3)/4 - (-261)/36?
6
Suppose -2*z + 229 = -5*n, -4*z - 2*n + 558 = z. Suppose 48*l - z = 40*l. What is the remainder when 137 is divided by l?
11
Suppose -w + 738 + 153 = 0. Suppose 3*s - 2 = -11, -w = -3*t - 3*s. Suppose -y - 5 = 0, -5*g + 0*y + 2*y = -t. Calculate the remainder when 287 is divided by g.
55
Suppose -86*h + 35 = -81*h. Calculate the remainder when 11/(h + -51) + 762/8 is divided by 42.
11
Let o be ((-27)/12 - -4)/(3/72). Suppose 9*r + o = 12*r. Calculate the remainder when 48 is divided by r.
6
Let f(m) = 4*m**3 - 33*m**2 - 27*m + 94. Calculate the remainder when 15791 is divided by f(9).
93
Suppose -2*q = -3*f - 29028, 96*q - 4*f = 92*q + 58056. What is the remainder when q is divided by 76?
74
Suppose 45*u - 75*u + 50*u = 380. What is the remainder when 449 is divided by u?
12
Let h(j) = 4*j**2 + 138*j + 634. What is the remainder when h(-5) is divided by 5*(114/15)/2?
6
Let d(u) be the first derivative of 10*u**2 - 2*u + 6. What is the remainder when d(2) is divided by (-6)/5*-1*(-18)/((-972)/450)?
8
Let r = 182177 + -182170. Let h = 27 - 16. What is the remainder when h is divided by r?
4
Suppose 4*r - 20 = 0, 0*c = -c - 3*r + 19. What is the remainder when 3848/24 + c/(-3) is divided by 18?
15
Let p be 273/(-18) - 11/(-66). Suppose 16 + 24 = 5*z. Calculate the remainder when 5/p - (344/(-6))/4 is divided by z.
6
Suppose 235 = 3*j + 2*r, 34*j - 36*j - 4*r + 170 = 0. Calculate the remainder when 449 is divided by j.
74
What is the remainder when 45/6*(33321/145 - 5) is divided by 31?
12
Suppose 22*m = 65 + 1. Suppose b - m*d = 424, 5*d + 2136 = 5*b + 6*d. Calculate the remainder when b is divided by 13.
11
Suppose -5*a + 280 = -0*a - 5*r, a = -4*r + 41. What is the remainder when a is divided by (-18)/(-180) + (-278)/(-20)?
11
Let b = 41 - 37. Suppose 3*t - b*u = 136, 2*t + u = 2*u + 89. Let x(y) = y**3 - 10*y**2 + y + 5. What is the remainder when t is divided by x(10)?
14
Let u = 24965 + -24216. Calculate the remainder when u is divided by 225.
74
Suppose 190*m = 140989 + 19561. What is the remainder when m is divided by 11?
9
What is the remainder when 122 is divided by ((-33)/15 + 1)/((-117)/1950)?
2
Suppose 5*n + 21 = 276. Suppose 0 = -o - o + 14. Let i = 21 - o. What is the remainder when n is divided by i?
9
Let w(c) = 3*c**2 + c - 83. Let k be w(-10). Suppose 0 = -6*s + k - 45. What is the remainder when s is divided by 17?
10
Let m(r) = -20*r - 881. Calculate the remainder when 402 is divided by m(-45).
3
Let u = -853 + 815. Calculate the remainder when (2/(-3))/(u/2679) is divided by 37.
10
Suppose 27 - 747 = -6*d - 10*d. Calculate the remainder when 82 is divided by d.
37
Let o = -1333 + 1987. Suppose -2*b + 411 = 5*z, 2*z - 7*z = -3*b + o. Calculate the remainder when b is divided by 36.
33
Let o(a) = -4*a - 27. Let h be o(-8). Suppose -5*g + 3*q - 84 = h*q, 3*g + 4*q = -56. Calculate the remainder when 43 is divided by 20 + g - 1*-5.
7
Suppose 4*q = -6*w + 1200, -37*w + 39*w = 2*q - 610. What is the remainder when q is divided by 87?
42
Let t be 2170/30 - 1/3. Suppose 0 = -8*k + 10*k - t. Calculate the remainder when k is divided by 8.
4
Let r(k) = -5*k**3 + 389*k**2 + 81*k - 113. Calculate the remainder when 479 is divided by r(78).
116
Let w = -5750 - -5747. Let z(b) = -48*b**3 - b**2 - 2*b - 1. Let t be z(-1). Calculate the remainder when 93 is divided by t*1*w/(-9).
13
Calculate the remainder when 2 - 1 - (-48)/(-12) - (-2351 - -3) is divided by 29.
25
Let q(c) = 3*c**2 - 23*c + 58. Suppose 2*a - 17 - 61 = 0. What is the remainder when a is divided by q(4)?
11
Let g(x) = x**2 + 12*x + 8. Let q be g(-13). Let z(u) = -u**2 + 20*u + 19. Let c be z(q). Let f = c - -13. What is the remainder when 85 is divided by f?
8
Let j(c) = c**3 - 18*c**2 - 14*c - 32. Let i be j(19). Suppose -21*t + 189 + i = 0. Calculate the remainder when 17 is divided by t.
5
Let h(r) = 167*r**2 - 7*r - 5. Calculate the remainder when h(1) is divided by 76.
3
What is the remainde